remainder when 5406 is divided by 575.
231
What is the remainder when 3567 is divided by 743?
595
Calculate the remainder when 122995 is divided by 3967.
18
What is the remainder when 4044 is divided by 220?
84
What is the remainder when 6705 is divided by 901?
398
Calculate the remainder when 18128 is divided by 336.
320
Calculate the remainder when 2894 is divided by 967.
960
Calculate the remainder when 1449 is divided by 180.
9
Calculate the remainder when 123528 is divided by 17646.
6
What is the remainder when 528 is divided by 494?
34
Calculate the remainder when 4933 is divided by 257.
50
Calculate the remainder when 1816 is divided by 311.
261
What is the remainder when 104507 is divided by 52247?
13
What is the remainder when 5060 is divided by 172?
72
Calculate the remainder when 102308 is divided by 71.
68
Calculate the remainder when 10325 is divided by 117.
29
Calculate the remainder when 34573 is divided by 816.
301
What is the remainder when 133076 is divided by 73?
70
Calculate the remainder when 670188 is divided by 223395.
3
What is the remainder when 6455 is divided by 1278?
65
Calculate the remainder when 9488745 is divided by 303.
300
Calculate the remainder when 10582 is divided by 1055.
32
Calculate the remainder when 5356 is divided by 717.
337
Calculate the remainder when 74595 is divided by 31.
9
What is the remainder when 904616 is divided by 2592?
8
What is the remainder when 29217 is divided by 3650?
17
Calculate the remainder when 6352 is divided by 204.
28
What is the remainder when 64918 is divided by 10817?
16
Calculate the remainder when 21464 is divided by 3576.
8
What is the remainder when 933 is divided by 97?
60
Calculate the remainder when 6855 is divided by 1780.
1515
Calculate the remainder when 1079 is divided by 248.
87
Calculate the remainder when 8857 is divided by 1104.
25
Calculate the remainder when 9285 is divided by 19.
13
What is the remainder when 1308 is divided by 1181?
127
Calculate the remainder when 18101 is divided by 15.
11
Calculate the remainder when 10497 is divided by 373.
53
What is the remainder when 83764 is divided by 397?
394
Calculate the remainder when 5458 is divided by 30.
28
What is the remainder when 975753 is divided by 366?
363
Calculate the remainder when 41459 is divided by 145.
134
Calculate the remainder when 15942 is divided by 29.
21
Calculate the remainder when 60250 is divided by 100.
50
Calculate the remainder when 31765 is divided by 211.
115
Calculate the remainder when 5165 is divided by 72.
53
What is the remainder when 1331 is divided by 245?
106
Calculate the remainder when 3444 is divided by 66.
12
Calculate the remainder when 37872 is divided by 59.
53
Calculate the remainder when 2527 is divided by 635.
622
Calculate the remainder when 196286 is divided by 91.
90
What is the remainder when 9125 is divided by 127?
108
What is the remainder when 1390342 is divided by 2927?
17
Calculate the remainder when 12749 is divided by 91.
9
What is the remainder when 61447 is divided by 384?
7
What is the remainder when 11243 is divided by 10314?
929
What is the remainder when 908 is divided by 304?
300
What is the remainder when 7860 is divided by 2619?
3
What is the remainder when 1514 is divided by 248?
26
Calculate the remainder when 10991 is divided by 661.
415
Calculate the remainder when 2472 is divided by 17.
7
Calculate the remainder when 12152 is divided by 358.
338
What is the remainder when 645114 is divided by 113?
110
What is the remainder when 95581 is divided by 211?
209
What is the remainder when 6343 is divided by 1580?
23
What is the remainder when 508709 is divided by 255?
239
What is the remainder when 51084 is divided by 390?
384
Calculate the remainder when 7202 is divided by 67.
33
Calculate the remainder when 3323 is divided by 3319.
4
Calculate the remainder when 22007 is divided by 3652.
95
Calculate the remainder when 20064 is divided by 834.
48
What is the remainder when 7647 is divided by 85?
82
Calculate the remainder when 10602 is divided by 722.
494
What is the remainder when 9330 is divided by 1682?
920
What is the remainder when 215947 is divided by 51?
13
What is the remainder when 226365 is divided by 266?
265
What is the remainder when 709754 is divided by 236583?
5
Calculate the remainder when 2486879 is divided by 33.
32
Calculate the remainder when 185555 is divided by 6.
5
What is the remainder when 44064 is divided by 78?
72
What is the remainder when 242199 is divided by 349?
342
What is the remainder when 120383 is divided by 96?
95
Calculate the remainder when 3058 is divided by 95.
18
What is the remainder when 37115 is divided by 59?
4
What is the remainder when 11272 is divided by 376?
368
Calculate the remainder when 19037 is divided by 167.
166
What is the remainder when 6339 is divided by 748?
355
Calculate the remainder when 2798 is divided by 217.
194
What is the remainder when 20422 is divided by 411?
283
What is the remainder when 8020 is divided by 52?
12
What is the remainder when 1568 is divided by 17?
4
Calculate the remainder when 529 is divided by 168.
25
Calculate the remainder when 157893 is divided by 516.
513
Calculate the remainder when 126 is divided by 5.
1
What is the remainder when 841865 is divided by 386?
385
What is the remainder when 763340 is divided by 109048?
4
What is the remainder when 7439 is divided by 1353?
674
What is the remainder when 24860 is divided by 21?
17
What is the remainder when 155100 is divided by 22155?
15
What is the remainder when 7334 is divided by 131?
129
What is the remainder when 53280 is divided by 3804?
24
Calculate the remainder when 12466 is divided by 138.
46
Calculate the remainder when 2381 is divided by 2085.
296
Calculate the remainder when 37595 is divided by 365.
0
What is the remainder when 168020 is divided by 56004?
8
Calculate the remainder when 35085 is divided by 209.
182
What is the remainder when 2293 is divided by 455?
18
Calculate the remainder when 1003 is divided by 106.
49
What is the remainder when 20090 is divided by 271?
36
Calculate the remainder when 86925 is divided by 57.
0
Calculate the remainder when 535513 is divided by 178502.
7
Calculate the remainder when 739831 is divided by 19.
9
Calculate the remainder when 6585 is divided by 27.
24
What is the remainder when 525 is divided by 137?
114
Calculate the remainder when 1629 is divided by 393.
57
Calculate the remainder when 59591 is divided by 19860.
11
Calculate the remainder when 967 is divided by 323.
321
What is the remainder when 4881 is divided by 133?
93
Calculate the remainder when 146783 is divided by 46.
43
Calculate the remainder when 70523 is divided by 151.
6
Calculate the remainder when 72846 is divided by 221.
137
Calculate the remainder when 156797 is divided by 156797.
0
Calculate the remainder when 19709 is divided by 1229.
45
What is the remainder when 300819 is divided by 10?
9
What is the remainder when 50179 is divided by 107?
103
What is the remainder when 111917 is divided by 107?
102
Calculate the remainder when 17570 is divided by 123.
104
Calculate the remainder when 164565 is divided by 1127.
23
Calculate the remainder when 50864 is divided by 301.
296
What is the remainder when 245424 is divided by 217?
214
Calculate the remainder when 1107 is divided by 132.
51
What is the remainder when 35367 is divided by 8837?
19
What is the remainder when 242201 is divided by 1863?
11
Calculate the remainder when 192638 is divided by 224.
222
Calculate the remainder when 843575 is divided by 422.
419
Calculate the remainder when 2410 is divided by 17.
13
Calculate the remainder when 59911 is divided by 78.
7
Calculate the remainder when 18295 is divided by 55.
35
Calculate the remainder when 1439 is divided by 328.
127
What is the remainder when 292856 is divided by 252?
32
Calculate the remainder when 631 is divided by 68.
19
Calculate the remainder when 1426 is divided by 703.
20
Calculate the remainder when 64576 is divided by 1154.
1106
Calculate the remainder when 3564689 is divided by 11.
7
Calculate the remainder when 6552 is divided by 2184.
0
Calculate the remainder when 38575 is divided by 38337.
238
Calculate the remainder when 5958 is divided